{"id":202,"date":"2021-06-18T19:19:29","date_gmt":"2021-06-18T19:19:29","guid":{"rendered":"https:\/\/bilharespaiva.com.br\/catalogo\/?post_type=product&#038;p=202"},"modified":"2021-06-25T17:38:58","modified_gmt":"2021-06-25T17:38:58","slug":"adaptador-para-encaixar-o-tampao-do-ping-pong","status":"publish","type":"product","link":"https:\/\/bilharespaiva.com.br\/catalogo\/produto\/adaptador-para-encaixar-o-tampao-do-ping-pong\/","title":{"rendered":"Adaptador Para Encaixar o Tamp\u00e3o do Ping-Pong"},"content":{"rendered":"<p><strong>Modelo:<\/strong> Adaptador para guardar tamp\u00e3o por baixo da mesa otimiza\u00e7\u00e3o e organiza\u00e7\u00e3o do espa\u00e7o<br \/>\n<strong>Medida: <\/strong>Tamp\u00e3o para mesa de at\u00e9 220 metros com 4 p\u00e9s<\/p>\n","protected":false},"excerpt":{"rendered":"<p>Modelo: Adaptador para guardar tamp\u00e3o por baixo da mesa otimiza\u00e7\u00e3o e organiza\u00e7\u00e3o do espa\u00e7o Medida: Tamp\u00e3o para mesa de at\u00e9 220 metros com 4 p\u00e9s<\/p>\n","protected":false},"featured_media":203,"comment_status":"open","ping_status":"closed","template":"","meta":[],"product_cat":[29],"product_tag":[],"class_list":["post-202","product","type-product","status-publish","has-post-thumbnail","hentry","product_cat-tampoes"],"_links":{"self":[{"href":"https:\/\/bilharespaiva.com.br\/catalogo\/wp-json\/wp\/v2\/product\/202","targetHints":{"allow":["GET"]}}],"collection":[{"href":"https:\/\/bilharespaiva.com.br\/catalogo\/wp-json\/wp\/v2\/product"}],"about":[{"href":"https:\/\/bilharespaiva.com.br\/catalogo\/wp-json\/wp\/v2\/types\/product"}],"replies":[{"embeddable":true,"href":"https:\/\/bilharespaiva.com.br\/catalogo\/wp-json\/wp\/v2\/comments?post=202"}],"wp:featuredmedia":[{"embeddable":true,"href":"https:\/\/bilharespaiva.com.br\/catalogo\/wp-json\/wp\/v2\/media\/203"}],"wp:attachment":[{"href":"https:\/\/bilharespaiva.com.br\/catalogo\/wp-json\/wp\/v2\/media?parent=202"}],"wp:term":[{"taxonomy":"product_cat","embeddable":true,"href":"https:\/\/bilharespaiva.com.br\/catalogo\/wp-json\/wp\/v2\/product_cat?post=202"},{"taxonomy":"product_tag","embeddable":true,"href":"https:\/\/bilharespaiva.com.br\/catalogo\/wp-json\/wp\/v2\/product_tag?post=202"}],"curies":[{"name":"wp","href":"https:\/\/api.w.org\/{rel}","templated":true}]}}